.
5
What is the highest common factor of 2511 and 405?
81
What is the highest common factor of 87 and 4727?
29
What is the highest common divisor of 8 and 1294?
2
Calculate the greatest common divisor of 21 and 609.
21
What is the greatest common factor of 2959 and 44?
11
Calculate the greatest common factor of 57 and 8379.
57
Calculate the greatest common divisor of 84 and 112.
28
What is the greatest common divisor of 693 and 147?
21
Calculate the highest common factor of 968 and 2.
2
What is the greatest common divisor of 38 and 304?
38
What is the greatest common divisor of 318 and 4611?
159
What is the highest common divisor of 51 and 425?
17
What is the highest common divisor of 85 and 5?
5
Calculate the highest common factor of 4 and 4.
4
What is the greatest common divisor of 61 and 671?
61
Calculate the greatest common factor of 1086 and 54.
6
What is the greatest common factor of 142 and 3337?
71
Calculate the highest common factor of 6 and 86.
2
What is the highest common factor of 333 and 18?
9
Calculate the greatest common divisor of 762 and 6.
6
What is the highest common divisor of 644 and 16261?
161
What is the greatest common factor of 187 and 22?
11
Calculate the greatest common factor of 1372 and 7.
7
What is the greatest common factor of 395 and 711?
79
What is the greatest common divisor of 44 and 121?
11
Calculate the highest common divisor of 1924 and 888.
148
What is the highest common divisor of 1600 and 80?
80
What is the highest common factor of 1378 and 819?
13
Calculate the highest common factor of 9 and 18.
9
What is the greatest common factor of 156 and 4836?
156
What is the highest common factor of 4 and 6?
2
What is the highest common divisor of 190 and 20?
10
What is the greatest common factor of 1701 and 70?
7
What is the highest common divisor of 6 and 1002?
6
Calculate the highest common factor of 1469 and 299.
13
What is the greatest common factor of 62 and 124?
62
Calculate the greatest common divisor of 26 and 286.
26
What is the greatest common factor of 414 and 36?
18
Calculate the highest common divisor of 153 and 102.
51
Calculate the highest common factor of 5 and 135.
5
What is the greatest common factor of 89 and 4?
1
What is the greatest common factor of 112 and 5656?
56
What is the highest common factor of 288 and 279?
9
Calculate the highest common divisor of 88 and 88.
88
What is the greatest common factor of 180 and 300?
60
Calculate the greatest common factor of 75 and 2075.
25
Calculate the greatest common divisor of 1596 and 63.
21
What is the highest common factor of 899 and 403?
31
Calculate the highest common factor of 20 and 90.
10
Calculate the greatest common factor of 405 and 162.
81
Calculate the greatest common factor of 38 and 1539.
19
What is the highest common divisor of 235 and 188?
47
Calculate the greatest common divisor of 121 and 1320.
11
Calculate the highest common divisor of 774 and 216.
18
What is the greatest common factor of 217 and 35?
7
What is the greatest common factor of 30 and 170?
10
Calculate the greatest common divisor of 14130 and 36.
18
Calculate the greatest common factor of 179 and 2864.
179
What is the highest common factor of 8 and 1?
1
What is the greatest common divisor of 1772 and 12?
4
What is the greatest common factor of 334 and 14?
2
Calculate the highest common divisor of 15 and 1185.
15
What is the highest common divisor of 238 and 34?
34
What is the greatest common divisor of 20000 and 64?
32
Calculate the greatest common divisor of 98 and 182.
14
Calculate the highest common divisor of 15 and 444.
3
What is the highest common factor of 15410 and 23?
23
Calculate the greatest common divisor of 1 and 79.
1
Calculate the greatest common divisor of 124 and 1550.
62
Calculate the greatest common divisor of 222 and 12.
6
What is the greatest common divisor of 374 and 357?
17
What is the highest common factor of 150 and 9150?
150
What is the highest common factor of 236 and 16?
4
What is the greatest common factor of 954 and 18?
18
What is the greatest common divisor of 1208 and 56?
8
What is the greatest common factor of 42 and 21?
21
What is the highest common divisor of 53 and 53?
53
What is the greatest common divisor of 80 and 150?
10
What is the highest common divisor of 450 and 1375?
25
Calculate the highest common factor of 3 and 5859.
3
Calculate the greatest common factor of 430 and 70.
10
What is the greatest common divisor of 54 and 1242?
54
Calculate the greatest common divisor of 40 and 18280.
40
What is the highest common divisor of 320 and 46?
2
What is the greatest common factor of 96 and 1296?
48
Calculate the greatest common divisor of 266 and 60116.
266
What is the greatest common divisor of 308 and 476?
28
Calculate the highest common divisor of 20 and 100.
20
Calculate the highest common divisor of 292 and 4.
4
What is the greatest common divisor of 24 and 885?
3
Calculate the greatest common factor of 24 and 10284.
12
Calculate the highest common factor of 1134 and 56.
14
Calculate the highest common divisor of 3800 and 570.
190
Calculate the highest common divisor of 6831 and 36.
9
What is the highest common divisor of 11 and 4499?
11
Calculate the highest common factor of 80 and 100.
20
Calculate the highest common divisor of 1195 and 15.
5
Calculate the highest common factor of 110 and 7095.
55
What is the greatest common divisor of 18 and 78?
6
What is the highest common factor of 49493 and 86?
43
What is the highest common factor of 138 and 48?
6
What is the highest common divisor of 22 and 319?
11
Calculate the highest common divisor of 23 and 92.
23
Calculate the greatest common divisor of 31816 and 246.
82
Calculate the highest common divisor of 846 and 36.
18
What is the greatest common factor of 527 and 62?
31
What is the highest common divisor of 2 and 17?
1
What is the highest common divisor of 20 and 1760?
20
What is the highest common divisor of 630 and 294?
42
What is the highest common factor of 1926 and 18?
18
Calculate the greatest common factor of 64 and 224.
32
Calculate the greatest common divisor of 540 and 75.
15
What is the highest common factor of 138 and 345?
69
What is the greatest common divisor of 338 and 260?
26
What is the highest common factor of 3520 and 10?
10
Calculate the highest common factor of 4 and 132.
4
Calculate the highest common divisor of 14 and 79646.
14
What is the highest common factor of 99 and 44?
11
Calculate the greatest common divisor of 2814 and 42.
42
Calculate the highest common divisor of 2 and 23.
1
Calculate the highest common divisor of 71 and 1917.
71
Calculate the highest common divisor of 5559 and 102.
51
Calculate the greatest common factor of 15 and 300.
15
What is the highest common factor of 220 and 160?
20
What is the highest common factor of 180 and 72?
36
What is the highest common divisor of 175 and 28?
7
Calculate the highest common factor of 90 and 36.
18
Calculate the highest common factor of 60 and 8310.
30
Calculate the greatest common divisor of 247 and 104.
13
What is the highest common divisor of 21 and 69279?
21
Calculate the greatest common factor of 1 and 293.
1
Calculate the highest common factor of 516 and 84.
12
Calculate the highest common divisor of 13 and 205.
1
What is the highest common factor of 711 and 316?
79
Calculate the greatest common factor of 1482 and 152.
38
What is the greatest common divisor of 9693 and 216?
27
Calculate the greatest common factor of 33 and 4125.
33
Calculate the highest common divisor of 3649 and 89.
89
What is the highest common factor of 14 and 126?
14
Calculate the highest common factor of 124 and 992.
124
Calculate the highest common factor of 2 and 267.
1
What is the highest common divisor of 4044 and 12?
12
What is the greatest common factor of 57 and 309?
3
What is the greatest common factor of 5148 and 528?
132
What is the greatest common divisor of 52 and 39?
13
What is the greatest common divisor of 38 and 38?
38
What is the highest common factor of 351 and 432?
27
Calculate the highest common factor of 5 and 35.
5
Calculate the greatest common divisor of 5369 and 182.
91
What is the highest common divisor of 24 and 3036?
12
What is the greatest common factor of 24 and 120?
24
Calculate the h